673 + 2792. What is the thousands digit of n?
1
What is the thousands digit of 28/(-7)*-557 + 1 + 1?
2
Let a be ((-9)/(-3) - -1)/1. Let x be (1 + (-4)/a)*1. Suppose v - 6*v + 82 = j, 5*v - j - 88 = x. What is the tens digit of v?
1
Suppose 2*g + 26 = -y - 1, -4*y - 3*g - 93 = 0. Let c = 194 + y. What is the hundreds digit of c?
1
Suppose 6 = 5*b - 59. Suppose -5*y - 2*o - 5 = 0, -2*y - 4*o - b = -o. What is the units digit of 2 + 5 + y + -4?
4
Suppose 4*m - 14 = 2*n, -n - n = 2*m - 16. Let b(t) = 2*t**2 + 2*t + t**3 - 4*t + n + 0*t**3. What is the tens digit of b(2)?
1
Suppose -961 = -3*q - 2*m, 644 = -0*q + 2*q - 2*m. Suppose -19*j + q = 17. What is the tens digit of j?
1
Let r be 200*1 + 12/(-6). Suppose 3*a + r = 5*g - 226, -3*g + 4*a = -250. What is the units digit of g?
6
Let j = -1202 + 7769. What is the thousands digit of j?
6
Let s = 2050 + -795. What is the thousands digit of s?
1
Let j be 79*1 + (12 - 9). Suppose -j = 3*w - 313. Let s = w - 36. What is the tens digit of s?
4
Suppose 222*y = 232*y - 17590. What is the tens digit of y?
5
Suppose 0 = -4*v + 4 + 4. Let j = -49 - -53. Suppose v = -k + j. What is the units digit of k?
2
Suppose 3951 = 5*t - 3*t + 5*l, -t + 1968 = 5*l. What is the tens digit of t?
8
Let n be -2 + 8/(3 + -1). Suppose -2*y = 4*t - 84, 224 = n*y + 3*y + 3*t. Let w = y + -14. What is the tens digit of w?
3
What is the tens digit of -3 + 9 + 442 + 4?
5
Suppose 5*m - m - 48 = 0. What is the hundreds digit of ((-8)/m)/((-6)/927)?
1
Suppose -3*d = -12*k + 10*k - 2961, -2*d + 1990 = 4*k. What is the units digit of d?
9
Let w(a) = -a**3 + 2*a**2 - 4*a + 160. Let o be w(0). Let g = o - 133. What is the tens digit of g?
2
Let s(u) = u**3 - 14*u**2 + 14*u - 48. Let k be s(18). Suppose 0 = 6*j + 234 - k. What is the tens digit of j?
1
Let h be ((-15)/6)/((-25)/60). Suppose q + 260 = h*q. What is the units digit of q?
2
Let z(n) = n**3 + 3*n**2 - 2*n - 3. Let m be z(-3). Suppose p - 424 = -2*p + 5*q, m*p = -2*q + 452. What is the hundreds digit of p?
1
Suppose 23 = 3*t - 28. Let a(m) = 2*m + 40. What is the tens digit of a(t)?
7
Let s = -7 + 10. Suppose 0 = -x - s - 4. Let m = -2 - x. What is the units digit of m?
5
Let g = 208 + -142. What is the units digit of -6 + 7 - g*-1?
7
Let a(j) = 56*j + 18. Let d be a(12). Suppose 0*z - 115 = -h - 5*z, 2*z - d = -5*h. What is the units digit of h?
0
Let x(g) be the first derivative of 98 - 51 - 52 - 28*g - 4*g**2. What is the units digit of x(-13)?
6
Let s(x) = -2*x**2 + 16*x + 11. Let n be s(7). Suppose 19*z = 14*z + n. What is the units digit of z?
5
Let i be (-2 + 1)*0/(-18). Suppose 0 = -i*r - 6*r + 1134. Suppose -70 = -2*f + 4*s - s, -r = -5*f + 4*s. What is the tens digit of f?
4
Suppose -7 - 5 = -4*g. Suppose 5*v - 13 = 3*k, -2*k = v + 4*v - 8. Suppose q = -g*q + o + 179, -v*o = -2. What is the units digit of q?
5
Let l(s) = -164*s**3 - 4*s**2 - 2*s + 4. What is the thousands digit of l(-2)?
1
What is the tens digit of ((-87471)/(-27) - 8/(-6)) + 6?
4
What is the tens digit of 69*(-13)/((-78)/428)?
2
Let z be 26/(-8) - (-1)/4. Let m be 5*(-2)/(-55) + (-260)/(-22). Let r = m - z. What is the units digit of r?
5
Let k(c) = c**3 - 9*c**2 - 9. Let w(z) = z**3 + 6*z**2 + 6*z + 1. Let x be w(-4). Let s be k(x). What is the units digit of (s/4)/((-11)/88)?
8
Let l = 24 + -13. Let c = -17 + l. What is the units digit of 72/20 + c/10?
3
Let o = 505 - -432. What is the hundreds digit of o?
9
Let o = 5354 - 3615. What is the thousands digit of o?
1
Let a(s) be the second derivative of 4*s**3 - 34*s**2 + 2*s + 4. What is the hundreds digit of a(14)?
2
Suppose -14*v + 192 = -18*v. Let k be (v/(-20))/((-6)/135). What is the tens digit of (-3 + k + 2)/(-1)?
5
Let m be -2*12/(-8)*1. Suppose -m*o - d = -21, -7*o - 4*d + 36 = -3*o. What is the units digit of o?
6
Let n = -92 - -92. What is the tens digit of 1120/6 + n - 62/93?
8
Let k be (-25)/(-10)*24/10. Let d(u) = -k - 4*u - u + 0. What is the tens digit of d(-7)?
2
Suppose -2*r + d + 398 = -2*d, -4*r - 5*d = -840. What is the tens digit of r?
0
Let d(m) = m - 6. Let g be d(8). Let s be g/(-4) - 38/4. Let v = -6 - s. What is the units digit of v?
4
Let s(u) = 16*u**3 - 2*u**2 + 4. Let q(d) = 4*d + 30. Let a be q(-7). What is the units digit of s(a)?
4
Let x = -107 + 113. Suppose 12*q - 1026 = x*q. What is the hundreds digit of q?
1
Suppose i + 4 = 0, -61 = x + i - 12. Let m = 217 + x. What is the units digit of m?
2
Suppose -n = -3*n + 5*i + 47, -3*i - 73 = -4*n. Let z = -9 + n. Suppose z*v + 3 = 8*v. What is the units digit of v?
3
Suppose -7 = -2*h - k + 94, 58 = h - k. Let x(t) = 6*t + 2. Let r be x(4). Suppose -r = -z - 4*o, h + 26 = 2*z - o. What is the tens digit of z?
3
Let p = 266 - 189. Let a = p + 0. What is the tens digit of a?
7
Let t(w) = w**3 + 22*w**2 + 19*w - 33. Let d be t(-21). What is the units digit of 242/4 + d/6?
2
Suppose 0 = 4*c - 26*u + 25*u - 5510, -3*u - 6 = 0. What is the units digit of c?
7
Let p be ((-85)/(-20))/(4/96). Let j = 163 - p. What is the tens digit of j?
6
Let z = -9 + 16. Suppose 441 = -z*n + 1323. What is the tens digit of n?
2
Let t = -605 - -1261. What is the units digit of t?
6
Let b = -89 - -53. What is the units digit of (b/3)/((-2)/26)?
6
Suppose 0 = -3*r - 2*b + 1282, -r - 4*b = -6*r + 2100. Suppose -15 = -3*y, 2*y - r = -5*o + 66. What is the tens digit of o?
9
Let a be 4 - 7 - (0 - 171). Suppose -5*l + 4*f + a = -l, 3*l - 91 = -4*f. What is the units digit of l?
7
Let j(q) = -106*q - 187. What is the units digit of j(-3)?
1
Let c = -18 + 7. Let i = c - -115. What is the tens digit of i?
0
What is the hundreds digit of 1/(-18) - 1557390/(-540)?
8
Let b be 20*(3 + (-28)/20). Suppose -b = 2*s + 4*g, -4*g - 1 - 3 = 0. Let t = 35 + s. What is the units digit of t?
1
Suppose 4*m = m + 42. What is the units digit of ((-8)/m)/2 - 3048/(-84)?
6
Suppose 2*g + 244 = 452. What is the units digit of g?
4
Suppose 10*y = v + 7*y - 49, 2*y + 53 = v. Let h(z) = 13*z + 3. Let r be h(-2). Let f = r + v. What is the tens digit of f?
3
Let d be 3/(-2 + -1) + 3. What is the tens digit of 2 + -3 - d*340/(-8)?
8
Let h be (1/3*0)/(-2). Suppose g + 3*g - 24 = h. Suppose -d = -g*d + 200. What is the units digit of d?
0
Let k(t) = -99*t + 32. What is the tens digit of k(-3)?
2
Let i = 107 + -202. Let s = i - -189. What is the tens digit of s?
9
Let w(s) = 11*s**2 - 9*s + 5*s - 2*s**2 - 5*s - 1 - s**3. What is the tens digit of w(5)?
5
Suppose -534 = 3*b - 1674. Suppose -10*f = b - 1530. What is the hundreds digit of f?
1
What is the tens digit of (-8214)/(-10) - ((-36)/5)/12?
2
Suppose 0*o = 2*l - o - 21, 0 = 4*l - o - 45. Let s(g) = 11*g**2 - 11*g + 1 - l*g**2 + 0. What is the units digit of s(-5)?
1
Let s(h) = 2*h + 1. Let q be s(2). Suppose -3*v = -q*r - 371, -5*v + 2*r + 680 = 6*r. Let f = -63 + v. What is the tens digit of f?
6
Suppose 4*n - 934 - 458 = 0. What is the units digit of n?
8
Suppose -2*u + 63 - 9 = 0. Suppose -u = -5*q - 7. Suppose -5*z = n - 171, -q*n - 15 = z - 53. What is the tens digit of z?
3
Let j = -48 + 122. Let c = 154 - j. What is the units digit of c?
0
Let q = 17 - -133. Suppose v - 494 = -q. What is the tens digit of v?
4
Let q be (-6)/(-4)*(-92)/(-6). Let b = 90 - 85. Suppose 2*i - b = q. What is the tens digit of i?
1
Suppose -4*l + 6592 = -2*w, -2*w - w + 8240 = 5*l. What is the thousands digit of l?
1
Let l(r) = -3*r - 21. Let p be l(-8). Suppose -p*f + 7*f = 128. Let d = 80 - f. What is the tens digit of d?
4
What is the units digit of (106/((-330)/85 + 4))/1?
1
Let u(j) = -3*j + 62. Let n be u(18). Suppose n*q = 1446 + 570. What is the hundreds digit of q?
2
Let f(g) = 5*g**3 - 15*g**2 + 3*g + 39. What is the tens digit of f(8)?
6
Suppose 204 = 27*d - 30*d. What is the hundreds digit of 72/16*d/(-3)?
1
Let b be ((-145)/15)/(2/6). Let f = -8 - b. What is the units digit of f?
1
Let t(w) = 32*w**2 - 2. What is the hundreds digit of t(-5)?
7
Suppose -13*m = m - 2940. What is the tens digit of m?
1
Suppose -67*p + 56*p = -48609. What is the tens digit of p?
1
Suppose -290 = -2*b + 5*g, -2*b + 435 = b - g. What is the hundreds digit of b?
1
What is the units digit of ((-6047)/(-13) - -3) + 8/(-52)?
8
Let q(a) = a**3 - 3*a**2 - 4*a + 1. Let v be (-4 - -2)/2 - -5. Let p be q(v).